
-14
Let w(q) = -12*q**2 - 180*q - 59. Calculate w(-16).
-251
Let w(q) = -q**3 + 21*q**2 + 130*q - 11. Determine w(26).
-11
Let t(c) = 272*c + 4016. Calculate t(-15).
-64
Let x(l) = 10*l**2 - 104*l + 420. Determine x(4).
164
Let v(y) = 2446*y + 9763. Determine v(-4).
-21
Let t(q) = q**2 - 30*q + 242. Determine t(16).
18
Let w(l) = -l**2 + 5*l + 2920. Give w(-52).
-44
Let n(h) = -180*h - 45. What is n(0)?
-45
Let r(o) = -5*o**3 - 78*o**2 + 23*o - 130. Calculate r(-16).
14
Let o(b) = -42*b - 1714. Determine o(-40).
-34
Let m(a) = a**3 + 32*a**2 - 85*a - 574. Calculate m(-34).
4
Let j(f) = 6*f**3 + 124*f**2 + 83*f + 62. Give j(-20).
2
Let y(i) = 21*i + 147. Calculate y(-6).
21
Let z(q) = q**3 + 47*q**2 - 32*q + 771. Calculate z(-48).
3
Let h(w) = -37*w + 34. Determine h(0).
34
Let f(y) = 41*y**2 - 858*y - 55. Calculate f(21).
8
Let y(p) = -2*p**3 - 45*p**2 + 62*p - 36. Determine y(-24).
204
Let r(k) = -3*k**2 - 225*k + 702. What is r(-78)?
0
Let q(x) = 1827*x - 1799. Calculate q(1).
28
Let g(c) = -3*c**3 + 114*c**2 + c - 31. What is g(38)?
7
Let l(c) = 2*c**3 - 23*c**2 + 55*c + 20. Give l(9).
110
Let c(k) = -53*k - 2879. Give c(-54).
-17
Let g(x) = -x**3 + 23*x**2 - 79*x + 47. Calculate g(19).
-10
Let c(a) = -54*a + 976. What is c(21)?
-158
Let d(l) = 22*l**2 - 18*l - 16. Give d(-1).
24
Let d(i) = 115*i**2 - 1026*i + 838. Give d(8).
-10
Let x(k) = k**2 - 20*k + 126. Calculate x(10).
26
Let t(i) = 35*i - 1042. Calculate t(30).
8
Let a(o) = 2*o**3 - 35*o**2 - 33*o + 361. What is a(18)?
91
Let r(v) = -v**3 + 14*v**2 + 120*v + 42. Calculate r(20).
42
Let p(y) = y**3 + 25*y**2 - 15*y - 918. Give p(-24).
18
Let k(t) = 3*t**3 + 136*t**2 + 22*t - 972. Calculate k(-45).
63
Let p(q) = -5*q**2 - 185*q - 1439. Determine p(-11).
-9
Let o(y) = -y**2 - 323*y + 12521. Give o(35).
-9
Let s(n) = -1821*n + 10940. Determine s(6).
14
Let p(o) = o**2 + 231*o - 36611. Calculate p(108).
1
Let g(d) = 141*d - 4236. What is g(30)?
-6
Let p(r) = -r**3 - 30*r**2 + 40*r + 166. What is p(-31)?
-113
Let r(g) = -g**3 + 26*g**2 - 21*g - 2. Calculate r(25).
98
Let l(w) = 271*w - 1316. What is l(5)?
39
Let b(j) = -2*j**3 + 29*j**2 - 22*j + 85. What is b(13)?
306
Let s(q) = q**3 - 14*q**2 + 4*q - 61. Give s(7).
-376
Let n(v) = v**3 - 48*v**2 + 39*v + 366. What is n(47)?
-10
Let g(o) = -2*o**3 - 21*o**2 + 31*o + 165. Calculate g(-11).
-55
Let a(l) = -l**2 + 29*l - 84. Calculate a(8).
84
Let h(c) = -2253*c + 6759. Determine h(3).
0
Let s(h) = -164*h - 6233. Give s(-38).
-1
Let m(c) = -340*c - 40469. Give m(-119).
-9
Let x(a) = a**2 - 10*a - 73. Calculate x(19).
98
Let d(k) = -18*k**2 + 63*k + 35. What is d(4)?
-1
Let b(n) = -n**2 + 11*n + 58. Give b(-6).
-44
Let g(o) = 3*o**2 - 38*o + 67. Give g(12).
43
Let t(a) = 95*a - 2278. What is t(24)?
2
Let z(j) = -j**3 - j**2 + 11*j + 15. Give z(-4).
19
Let m(j) = 7*j**2 + 403*j - 806. What is m(2)?
28
Let a(w) = 3*w**2 - 2*w - 262. Determine a(-9).
-1
Let p(h) = 15*h - 889. What is p(25)?
-514
Let p(y) = -5*y**2 - 89*y - 396. Calculate p(-11).
-22
Let f(k) = -k**3 - 64*k**2 + 207*k + 361. Calculate f(-67).
-41
Let t(c) = 6*c**2 + 19*c + 4. What is t(-7)?
165
Let q(i) = -i**2 - 914*i - 19631. Determine q(-22).
-7
Let s(a) = -106*a**2 - 647*a - 65. Give s(-6).
1
Let f(u) = -u**3 - 17*u**2 - 68*u + 10. Determine f(-9).
-26
Let t(s) = -s**2 - 18*s + 87. What is t(-13)?
152
Let m(k) = k**3 + 73*k**2 - 12*k - 869. Determine m(-73).
7
Let w(g) = g**3 + 12*g**2 - 96*g - 100. Determine w(-17).
87
Let i(v) = -v**3 - 9*v**2 - 9*v - 39. What is i(-8)?
-31
Let q(m) = -9*m**2 + 44*m + 10. What is q(5)?
5
Let n(u) = -6*u**2 - 27*u - 89. Give n(-8).
-257
Let a(j) = 113*j - 672. Determine a(6).
6
Let y(f) = f**2 + 21*f - 261. Give y(9).
9
Let d(k) = -207*k + 31. Determine d(1).
-176
Let d(z) = -2*z**2 - 16*z + 286. Determine d(-16).
30
Let z(l) = l**3 + 74*l**2 - 568*l - 158. Determine z(-81).
-77
Let i(p) = p**3 + p**2 + 210*p - 430. Determine i(2).
2
Let n(k) = -k**3 - 24*k**2 - 77*k - 1431. What is n(-23)?
-189
Let i(g) = 19*g**2 - 519*g + 157. What is i(27)?
-5
Let c(t) = 4*t**2 - 31*t + 252. Determine c(11).
395
Let n(x) = 32*x**2 - 1216*x - 42. What is n(38)?
-42
Let h(y) = 370*y + 5775. Determine h(-15).
225
Let l(p) = -p**2 - 129*p - 2379. What is l(-98)?
659
Let s(n) = -23*n + 74. Determine s(9).
-133
Let s(j) = 82*j**2 - 745*j + 55. What is s(9)?
-8
Let s(x) = x**3 + 194*x**2 - 249*x - 10517. Determine s(-195).
13
Let p(r) = -2*r**2 + 72*r + 13. Determine p(36).
13
Let z(a) = -2*a**2 + 27*a - 92. What is z(8)?
-4
Let x(y) = y**3 - 6*y**2 + 14*y + 11. Give x(0).
11
Let x(y) = -3*y**2 + 10*y + 59. Determine x(6).
11
Let k(m) = -30*m - 6. Determine k(3).
-96
Let l(h) = 74*h + 510. Calculate l(-7).
-8
Let n(m) = 4*m**3 - 14*m**2 - 56*m. What is n(-4)?
-256
Let x(y) = -y**3 - 44*y**2 - 152*y + 337. Calculate x(-40).
17
Let d(u) = -264*u - 9499. Give d(-36).
5
Let a(v) = 2*v**3 - 25*v**2 - 47*v + 59. Determine a(14).
-11
Let n(p) = -p**3 - 32*p**2 - 3*p - 71. Calculate n(-32).
25
Let y(n) = 2*n**3 - 13*n**2 + 10*n - 42. What is y(7)?
77
Let s(a) = -a**3 - 45*a**2 - 29*a + 663. What is s(-44)?
3
Let t(l) = l**3 + 22*l**2 - 37*l - 260. Determine t(-23).
62
Let q(b) = b**3 - 11*b**2 + 3*b - 27. Give q(11).
6
Let j(k) = 2590*k - 7775. Determine j(3).
-5
Let z(s) = -22*s**2 + 34*s - 147. Determine z(4).
-363
Let u(z) = -37*z**2 + 2076*z - 192. Give u(56).
32
Let l(q) = 9*q + 424. Give l(0).
424
Let f(z) = -z**3 + 10*z**2 - 36*z + 21. What is f(4)?
-27
Let l(h) = -h**3 + 49*h**2 + 56*h - 300. Give l(50).
0
Let r(s) = 2*s**3 - s**2 + 41*s - 119. Calculate r(3).
49
Let q(s) = -74*s - 8488. What is q(-115)?
22
Let a(b) = 89*b - 5225. What is a(59)?
26
Let x(w) = w**3 - 16*w**2 + 50*w + 34. Determine x(6).
-26
Let j(w) = -w**3 + 47*w**2 - 481*w + 19. Give j(32).
-13
Let a(d) = 3*d**2 - 424*d - 2196. Determine a(-5).
-1
Let w(i) = 30*i + 362. Calculate w(-11).
32
Let r(a) = -15*a - 403. Calculate r(-27).
2
Let p(f) = f**3 - 2*f**2 + 24*f + 88. Give p(-3).
-29
Let f(w) = 130*w - 4039. Determine f(31).
-9
Let g(j) = 1699*j + 22010. Calculate g(-13).
-77
Let h(l) = l**3 - 87*l**2 - 52*l - 3162. Calculate h(88).
6
Let b(d) = 59*d + 299. Give b(-6).
-55
Let a(o) = 2*o**3 + 42*o**2 - 265*o + 19. Determine a(5).
-6
Let m(p) = 3*p**2 - 52*p + 31. Give m(17).
14
Let z(r) = 15*r - 489. Calculate z(5).
-414
Let h(l) = l**3 + 37*l**2 + 111*l + 1290. Determine h(-35).
-145
Let z(h) = -3*h**3 + 107*h**2 - 170*h + 76. What is z(34)?
76
Let z(l) = -2836*l - 73747. What is z(-26)?
-11
Let h(s) = -s**3 + 8*s**2 + 27*s + 78. Determine h(11).
12
Let t(w) = 3*w**2 - 115*w - 131. Calculate t(36).
-383
Let p(w) = 9*w + 72. Determine p(-12).
-36
Let l(u) = -2*u**2 - 47*u - 211. Calculate l(-23).
-188
Let m(w) = 2*w**2 + 44*w + 39. Calculate m(-23).
85
Let i(p) = -35*p**2 - 806*p - 38. What is i(-23)?
-15
Let k(g) = -228*g + 4104. Calculate k(18).
0
Let d(t) = -2*t**2 + 457*t - 4940. Calculate d(11).
-155
Let n(i) = i**3 + 2*i**2 + 19*i + 27. Give n(-3).
-39
Let z(c) = c**3 - 23*c**2 - 316*c - 460. Calculate z(33).
2
Let q(t) = 9*t**3 + 216*t**2 + 5*t + 118. What is q(-24)?
-2
Let s(u) = -u**3 + 146*u**2 + 299*u - 471. Calculate s(148).
-27
Let t(h) = -h**2 + 14*h + 37. What is t(-5)?
-58
Let h(x) = -x**2 - 95*x + 2567. Give h(22).
-7
Let n(c) = 7011*c + 21024. What is n(-3)?
-9
Let h(i) = -3070*i + 18423. Calculate h(6).
3
Let v(j) = -2*j**2 + 30*j + 236. Give v(-10).
-264
Let q(m) = 1955*m - 11723. What is q(6)?
7
Let r(f) = -f**2 + 242*f - 13798. Give r(150).
2
Let f(z) = 9*z**2 + 34*z. Calculate f(-3).
-21
Let k(z) = 124*z**3 - 3*z**2 + 40*z + 41. What is k(-1)?
-126
Let k(v) = 39*v + 2218. Give k(-57).
-5
Let f(i) = -i**3 + 25*i**2 - 21*i - 68. What is f(24)?
4
Let z(f) = f**2 + 28*f + 194. What is z(-16)?
2
Let m(q) = -701*q + 3514. Calculate m(5).
9
Let n(w) = w**3 + 16*w**2 + 58*w - 24. Give n(-10).
-4
Let x(s) = s**3 - s**2 + 2*s + 17. Determine x(-2).
1
Let n(i) = 37*i - 2517. Give n(69).
36
Let n(m) = 389*m + 846. What is n(-2)?
68
Let z(k) = -34*k - 1755. Give z(-52).
13
Let k(q) = -q**2 + 23*q + 512. Determine k(36).
44
Let v(x) = 146*x**2 + 304*x + 2. Determine v(-2).
-22
Let j(k) = 2*k**3 + 19*k**2 - 10*k - 74. Determine j(-9).
97
Let h(y) = -2*y**2 - 22*y - 78. Calculat